 67 is divided by 35.
32
What is the remainder when 725 is divided by 22?
21
Calculate the remainder when 1773 is divided by 1764.
9
Calculate the remainder when 31064 is divided by 109.
108
What is the remainder when 733 is divided by 48?
13
Calculate the remainder when 970 is divided by 7.
4
What is the remainder when 2447 is divided by 50?
47
Calculate the remainder when 625 is divided by 29.
16
Calculate the remainder when 573 is divided by 6.
3
Calculate the remainder when 2879 is divided by 93.
89
What is the remainder when 145 is divided by 70?
5
Calculate the remainder when 750 is divided by 318.
114
Calculate the remainder when 45 is divided by 19.
7
Calculate the remainder when 316 is divided by 29.
26
Calculate the remainder when 49 is divided by 3.
1
Calculate the remainder when 31767 is divided by 15.
12
What is the remainder when 143 is divided by 55?
33
Calculate the remainder when 159 is divided by 10.
9
What is the remainder when 825 is divided by 18?
15
What is the remainder when 3202 is divided by 89?
87
Calculate the remainder when 1562 is divided by 34.
32
What is the remainder when 181 is divided by 65?
51
What is the remainder when 175 is divided by 91?
84
What is the remainder when 67 is divided by 23?
21
Calculate the remainder when 8158 is divided by 20.
18
What is the remainder when 136 is divided by 41?
13
What is the remainder when 45 is divided by 23?
22
Calculate the remainder when 218 is divided by 54.
2
Calculate the remainder when 528 is divided by 45.
33
Calculate the remainder when 492 is divided by 83.
77
What is the remainder when 311 is divided by 53?
46
Calculate the remainder when 284 is divided by 11.
9
Calculate the remainder when 7016 is divided by 58.
56
What is the remainder when 3759 is divided by 1875?
9
Calculate the remainder when 70 is divided by 39.
31
What is the remainder when 325 is divided by 25?
0
What is the remainder when 49 is divided by 36?
13
Calculate the remainder when 425 is divided by 73.
60
Calculate the remainder when 282 is divided by 52.
22
What is the remainder when 6385 is divided by 103?
102
What is the remainder when 719 is divided by 16?
15
Calculate the remainder when 2798 is divided by 11.
4
Calculate the remainder when 240 is divided by 27.
24
Calculate the remainder when 51 is divided by 33.
18
What is the remainder when 137 is divided by 36?
29
Calculate the remainder when 17095 is divided by 38.
33
What is the remainder when 4587 is divided by 90?
87
What is the remainder when 74 is divided by 28?
18
Calculate the remainder when 118 is divided by 11.
8
What is the remainder when 109 is divided by 6?
1
What is the remainder when 1170 is divided by 294?
288
Calculate the remainder when 91 is divided by 51.
40
Calculate the remainder when 9989 is divided by 74.
73
What is the remainder when 482 is divided by 61?
55
What is the remainder when 2078 is divided by 5?
3
Calculate the remainder when 90 is divided by 13.
12
Calculate the remainder when 145 is divided by 6.
1
What is the remainder when 996 is divided by 26?
8
What is the remainder when 199 is divided by 116?
83
What is the remainder when 18 is divided by 5?
3
What is the remainder when 78 is divided by 10?
8
What is the remainder when 806 is divided by 45?
41
What is the remainder when 12455 is divided by 31?
24
What is the remainder when 139 is divided by 74?
65
Calculate the remainder when 280 is divided by 59.
44
What is the remainder when 345 is divided by 288?
57
What is the remainder when 150 is divided by 53?
44
Calculate the remainder when 388 is divided by 133.
122
Calculate the remainder when 104 is divided by 23.
12
What is the remainder when 536 is divided by 4?
0
What is the remainder when 371 is divided by 38?
29
What is the remainder when 160 is divided by 85?
75
Calculate the remainder when 1671 is divided by 54.
51
What is the remainder when 7756 is divided by 32?
12
What is the remainder when 253 is divided by 15?
13
What is the remainder when 4113 is divided by 242?
241
Calculate the remainder when 5197 is divided by 52.
49
What is the remainder when 1341 is divided by 360?
261
What is the remainder when 30 is divided by 6?
0
Calculate the remainder when 817 is divided by 812.
5
What is the remainder when 315 is divided by 77?
7
Calculate the remainder when 238 is divided by 56.
14
Calculate the remainder when 264 is divided by 32.
8
What is the remainder when 314 is divided by 107?
100
Calculate the remainder when 175 is divided by 33.
10
Calculate the remainder when 77 is divided by 61.
16
What is the remainder when 349 is divided by 65?
24
What is the remainder when 2219 is divided by 101?
98
What is the remainder when 169 is divided by 139?
30
What is the remainder when 921 is divided by 28?
25
What is the remainder when 3987 is divided by 28?
11
Calculate the remainder when 206 is divided by 63.
17
Calculate the remainder when 6500 is divided by 33.
32
Calculate the remainder when 264 is divided by 120.
24
Calculate the remainder when 2221 is divided by 11.
10
What is the remainder when 1897 is divided by 9?
7
Calculate the remainder when 36 is divided by 10.
6
What is the remainder when 982 is divided by 17?
13
What is the remainder when 116 is divided by 36?
8
Calculate the remainder when 473 is divided by 7.
4
Calculate the remainder when 857 is divided by 39.
38
What is the remainder when 392 is divided by 165?
62
What is the remainder when 145 is divided by 50?
45
What is the remainder when 360 is divided by 124?
112
Calculate the remainder when 360 is divided by 68.
20
What is the remainder when 313 is divided by 105?
103
Calculate the remainder when 95 is divided by 16.
15
Calculate the remainder when 4560 is divided by 27.
24
Calculate the remainder when 41 is divided by 6.
5
What is the remainder when 790 is divided by 200?
190
What is the remainder when 5290 is divided by 24?
10
What is the remainder when 2368 is divided by 62?
12
What is the remainder when 131 is divided by 51?
29
What is the remainder when 26466 is divided by 133?
132
Calculate the remainder when 118 is divided by 36.
10
Calculate the remainder when 1546 is divided by 23.
5
What is the remainder when 12 is divided by 3?
0
Calculate the remainder when 868 is divided by 3.
1
Calculate the remainder when 641 is divided by 510.
131
What is the remainder when 188 is divided by 51?
35
Calculate the remainder when 9555 is divided by 18.
15
What is the remainder when 328 is divided by 7?
6
Calculate the remainder when 119 is divided by 116.
3
What is the remainder when 334 is divided by 56?
54
What is the remainder when 122 is divided by 21?
17
What is the remainder when 3317 is divided by 26?
15
What is the remainder when 537 is divided by 33?
9
Calculate the remainder when 433 is divided by 15.
13
What is the remainder when 1699 is divided by 25?
24
What is the remainder when 768 is divided by 30?
18
What is the remainder when 165 is divided by 12?
9
What is the remainder when 2389 is divided by 23?
20
Calculate the remainder when 223 is divided by 56.
55
What is the remainder when 84 is divided by 41?
2
Calculate the remainder when 1948 is divided by 75.
73
Calculate the remainder when 1616 is divided by 21.
20
What is the remainder when 380 is divided by 116?
32
What is the remainder when 1007 is divided by 351?
305
Calculate the remainder when 93 is divided by 50.
43
What is the remainder when 983 is divided by 24?
23
Calculate the remainder when 27 is divided by 15.
12
Calculate the remainder when 191 is divided by 22.
15
Calculate the remainder when 2551 is divided by 23.
21
What is the remainder when 6224 is divided by 35?
29
Calculate the remainder when 281 is divided by 27.
11
Calculate the remainder when 261 is divided by 12.
9
Calculate the remainder when 237 is divided by 111.
15
What is the remainder when 456 is divided by 79?
61
What is the remainder when 1900 is divided by 68?
64
Calculate the remainder when 357 is divided by 103.
48
Calculate the remainder when 3748 is divided by 121.
118
Calculate the remainder when 985 is divided by 256.
217
Calculate the remainder when 2174 is divided by 15.
14
Calculate the remainder when 443 is divided by 74.
73
Calculate the remainder when 396 is divide